
Let s(w) = 17*w**3 + 2*w**2 + 91*w - 311. Give s(0).
-311
Let l(q) = -4*q**2 - 648*q + 21293. What is l(28)?
13
Let b(f) = 131*f**2 + 200*f + 7. Determine b(-1).
-62
Let o(p) = -3*p**3 + 82*p**2 - 44*p + 331. Give o(27).
-128
Let o(m) = -4*m**2 - 3701*m + 18584. What is o(5)?
-21
Let g(b) = 2*b**2 + 148*b - 1717. Determine g(-83).
-223
Let z(d) = 1849*d - 92918. Give z(50).
-468
Let d(c) = -24*c**3 + 154*c**2 - 86*c + 160. Give d(6).
4
Let q(j) = -14140*j + 269017. Give q(19).
357
Let f(m) = -41*m**2 - 335*m - 620. Give f(-3).
16
Let c(r) = 62*r - 9163. What is c(153)?
323
Let k(i) = -12570*i + 163325. Determine k(13).
-85
Let c(o) = 2001858*o + 6005560. Give c(-3).
-14
Let v(o) = -280*o + 25494. What is v(91)?
14
Let w(s) = 656*s + 58919. Calculate w(-90).
-121
Let c(z) = 102746*z - 410907. What is c(4)?
77
Let p(m) = m**2 - 172*m + 395. Give p(0).
395
Let r(o) = -400*o**2 + 753198*o + 3771. Give r(1883).
5
Let k(u) = -3325*u - 57034. Calculate k(-17).
-509
Let r(d) = 3512*d - 13892. Determine r(4).
156
Let j(f) = 265538*f - 57. Determine j(0).
-57
Let y(j) = -8564*j + 1447321. Calculate y(169).
5
Let o(i) = 824*i + 24757. Determine o(-30).
37
Let d(j) = j**2 - 11315*j - 1731346. Calculate d(-151).
20
Let y(d) = -31*d + 751. Calculate y(10).
441
Let y(c) = -2*c**3 + 49*c**2 + 432*c + 9. What is y(31)?
908
Let a(t) = -8601*t + 102912. Determine a(12).
-300
Let n(b) = 25*b**2 - 827*b - 4995. What is n(-5)?
-235
Let t(m) = 18*m**2 + 5744*m - 47113. Give t(8).
-9
Let m(a) = -5*a**2 - 17340*a - 173382. Calculate m(-10).
-482
Let g(a) = -33*a**3 + 878*a**2 + 4418*a + 12. Calculate g(-5).
3997
Let c(t) = -1104*t - 16559. Calculate c(-15).
1
Let m(f) = 3319*f + 481263. What is m(-145)?
8
Let o(l) = 8555*l + 59963. Determine o(-7).
78
Let v(k) = k**3 + 36*k**2 - 72*k + 3496. Calculate v(-40).
-24
Let m(r) = -2386*r**2 + 14301*r + 5. Calculate m(6).
-85
Let x(z) = 14*z**2 + 75*z - 382. Determine x(5).
343
Let s(d) = -d**2 + 30*d + 1765. What is s(60)?
-35
Let r(p) = -1638*p + 16869. What is r(10)?
489
Let s(u) = 107409*u - 1074307. Calculate s(10).
-217
Let m(r) = 142*r - 11009. Give m(77).
-75
Let w(k) = -3*k**3 + 3*k**2 - 36*k - 322. What is w(-6)?
650
Let a(y) = -369061*y - 1476234. Give a(-4).
10
Let r(w) = -2*w**2 - 28958*w + 86884. Determine r(3).
-8
Let i(r) = -2*r**3 + 65*r**2 + 36*r - 3779. Determine i(31).
220
Let v(s) = -s**2 + 39*s + 2685. Calculate v(46).
2363
Let w(x) = x**3 - 181*x**2 + 3500*x + 481. Give w(159).
799
Let b(p) = -4*p**2 + 314*p - 2476. What is b(76)?
-1716
Let k(t) = -t**3 + 22*t**2 + 98*t + 91. Determine k(26).
-65
Let f(u) = 72*u**2 + 12349*u - 24689. Give f(2).
297
Let u(v) = -19948*v - 4847330. Calculate u(-243).
34
Let g(q) = q**3 - 173*q**2 + 1262*q - 16882. Give g(166).
-282
Let z(t) = -149*t + 45843. Calculate z(314).
-943
Let h(r) = -24*r**2 - 918*r - 196. What is h(-38)?
32
Let k(m) = -19*m**3 - 2*m**2 - 2503*m + 7530. Determine k(3).
-510
Let b(p) = -p**3 + 551*p**2 + 4475*p + 28. Give b(-8).
4
Let b(v) = v**2 + 68746*v - 1788064. What is b(26)?
8
Let d(o) = 255*o + 2760. What is d(-12)?
-300
Let q(l) = -2*l**3 - 111*l**2 - 982*l - 40. Determine q(-11).
-7
Let t(c) = -1047*c**2 - 126694*c - 840. Calculate t(-121).
7
Let k(d) = -6217*d - 4295957. Give k(-691).
-10
Let d(n) = -8849*n + 106186. What is d(12)?
-2
Let y(a) = a**3 - 67*a**2 - 31*a - 369. Calculate y(0).
-369
Let g(k) = k**3 - 18*k**2 + 70*k - 58. Determine g(5).
-33
Let u(m) = -554*m + 73605. Determine u(133).
-77
Let o(p) = -1646*p**2 + 80690*p - 1765. Give o(49).
-1
Let g(k) = 45705*k**2 + 365609*k - 239. What is g(-8)?
9
Let m(z) = 5*z**2 - 311*z + 355. What is m(61)?
-11
Let c(d) = 1905*d - 244151. Give c(128).
-311
Let j(l) = -l**3 - 7*l**2 - 2*l - 1189. What is j(-19)?
3181
Let m(x) = 3813*x + 27143. What is m(-7)?
452
Let i(t) = 6*t**3 - 779*t**2 - 124*t - 762. Calculate i(130).
18
Let b(n) = 2*n**3 + 641*n**2 + 9167*n + 9. What is b(-15)?
-21
Let z(q) = 4*q**2 - 425*q - 1618. Give z(111).
491
Let d(s) = -s**2 - 2686*s + 28894. Give d(11).
-773
Let k(v) = -5*v**2 + 516*v - 1979. What is k(4)?
5
Let d(k) = -57195*k + 1658658. What is d(29)?
3
Let i(v) = -33*v - 6801. Determine i(-215).
294
Let u(j) = 8*j**2 - 3266*j + 3264. Give u(1).
6
Let x(d) = 15364*d**2 + 291915*d - 14. Calculate x(-19).
5
Let q(k) = 443*k - 9165. Determine q(25).
1910
Let o(u) = u**2 + 117*u + 2338. Determine o(-28).
-154
Let c(q) = 210*q + 31734. Give c(-151).
24
Let o(k) = -45*k**3 - k**2 + 203*k - 198. Determine o(1).
-41
Let z(x) = 14*x**2 - 1597*x - 23189. Calculate z(-13).
-62
Let r(d) = d**2 + 1371*d - 34908. What is r(25)?
-8
Let y(x) = -x**3 + 44*x**2 + 1686*x - 9417. Determine y(5).
-12
Let z(q) = 5*q**3 + 37*q**2 - 292*q - 2389. What is z(-8)?
-245
Let w(r) = 15*r**3 - 4*r**2 - 76*r + 24. Give w(2).
-24
Let x(r) = 71*r**2 - 662*r - 293. What is x(10)?
187
Let o(w) = -w**2 - 528*w - 15569. Calculate o(-31).
-162
Let w(p) = p**3 + 47*p**2 + 204*p - 52. Determine w(-5).
-22
Let u(l) = -l**2 - 1375*l - 126590. Calculate u(-99).
-266
Let o(h) = 14*h**3 + 10*h**2 - 447*h + 1776. What is o(4)?
1044
Let h(f) = -4*f**3 - 106*f**2 + 1198*f + 283. Calculate h(-35).
3
Let p(s) = -90*s**3 + 11*s**2 + 36*s - 52. Determine p(2).
-656
Let l(x) = -x**2 + 86*x + 12237. Determine l(-77).
-314
Let n(b) = -4*b**3 + 120*b**2 + 106*b + 36. What is n(31)?
-522
Let c(q) = q**3 + 65*q**2 + 4851*q + 315348. Give c(-65).
33
Let v(g) = -48*g**2 + 29*g + 15. Calculate v(-1).
-62
Let m(n) = 62531*n - 500254. What is m(8)?
-6
Let v(j) = -436*j - 295. Give v(-1).
141
Let g(s) = 4963*s - 327150. Give g(66).
408
Let t(j) = 34*j**2 - 1495*j - 1569. Give t(45).
6
Let i(c) = 21*c**2 - 3261*c + 7355. What is i(153)?
11
Let l(x) = -1431*x + 7853. Calculate l(6).
-733
Let a(o) = -16*o**2 - 5533*o + 33288. Determine a(6).
-486
Let d(u) = 3*u**2 - 1102761*u - 10. What is d(0)?
-10
Let k(m) = 6*m**3 - 2*m**2 + 9*m + 24. Calculate k(5).
769
Let y(g) = -35*g**2 - 616*g + 42. Calculate y(-20).
-1638
Let r(x) = -13247*x + 9961736. Calculate r(752).
-8
Let d(w) = 2404*w - 6614. What is d(3)?
598
Let x(g) = 7505*g + 4045188. Give x(-539).
-7
Let y(k) = -37746*k - 339707. Calculate y(-9).
7
Let r(o) = 5539*o**2 + 49857*o + 119. Give r(-9).
65
Let f(q) = -q**2 - 897*q - 89271. Calculate f(-114).
-9
Let q(y) = y**2 + 498*y + 13576. Determine q(-29).
-25
Let k(v) = -v**3 + 294*v**2 - 593*v + 2615. Determine k(292).
-13
Let t(j) = 19551*j - 195921. Calculate t(10).
-411
Let s(g) = -g**2 + 347*g - 19393. What is s(277)?
-3
Let b(x) = -11*x**3 - 734*x**2 - 507*x + 167. Determine b(-66).
-1219
Let r(l) = -3*l**2 - 1282*l - 128015. Determine r(-268).
89
Let t(w) = 2*w**3 - 130*w**2 + 753*w - 33. Calculate t(59).
2622
Let c(d) = -1818*d - 76381. Determine c(-42).
-25
Let g(c) = -2*c**2 - 4592*c - 135952. What is g(-30)?
8
Let d(a) = a**2 + 836*a + 173890. Give d(-447).
7
Let w(q) = 8*q**2 + 782*q + 737. Determine w(-97).
155
Let k(o) = -292*o - 14031. Give k(-47).
-307
Let b(o) = -280*o - 5862. Give b(-20).
-262
Let x(f) = 15*f**3 + 5*f**2 + 15*f - 36. What is x(2)?
134
Let b(d) = 21*d**2 + 7550*d + 3599. Calculate b(-359).
-350
Let r(c) = -158*c - 17548. Calculate r(-93).
-2854
Let m(y) = -229*y - 354. Calculate m(0).
-354
Let v(s) = -s**3 + 6*s**2 + 191*s - 1298. Give v(13).
2
Let u(w) = w**3 + 194*w**2 - 4050*w - 319. What is u(-213)?
320
Let n(u) = u**3 - 155*u**2 + 127*u + 4114. Give n(154).
-44
Let x(h) = 1719*h - 395387. Give x(230).
-17
Let s(l) = 1162967*l + 10466714. What is s(-9)?
11
Let x(h) = -5234*h + 622824. Determine x(119).
-22
Let b(n) = -10341*n - 413053. Determine b(-40).
587
Let a(v) = -460*v + 17399. Give a(38).
-81
Let c(k) = k**3 + 149*k**2 - 1381*k + 6522. Give c(-158).
44
Let c(r) = -r**2 - 51692*r - 1394909. What is c(-27)?
46
Let d(u) = 1790*u + 338345. Calculate d(-189).
35
Let x(j) = j**3 + 208*j**2 - 1847*j - 931. Calculate x(9).
23
Let f(u) = -474*u**2 + 262*u - 159. What is f(1)?
-371
Let p(w) = w**3 - 182*w**2 + 1187*w - 116409. Give p(179).
-59
Let x(a) = 611*a**3 - 2*a**2 - a + 7. Give x(2).
4885
Let b(m) = -m**2 + 1081*m + 54272. Calculate b(-48).
80
Let n(z) = -60*z**2 + 2166*z - 223. What is n(36)?
-7
Let j(h) = 2374*h + 1108663. Give j(-467).
5
Let f(r) = -2*r**3 + 365*r**2 